{"id":614,"date":"2024-06-18T15:17:05","date_gmt":"2024-06-18T13:17:05","guid":{"rendered":"https:\/\/kinderarzt-westbad.de.w01f307d.kasserver.com\/?page_id=614"},"modified":"2025-02-11T09:25:07","modified_gmt":"2025-02-11T08:25:07","slug":"kontakt","status":"publish","type":"page","link":"https:\/\/kinderarzt-westbad.de\/es\/kontakt\/","title":{"rendered":"Contacto"},"content":{"rendered":"<div class=\"gb-container gb-container-4e174759 gbp-section\">\n<div class=\"gb-container gb-container-cb0496a3 gbp-section__inner\">\n<div class=\"gb-grid-wrapper gb-grid-wrapper-f0224412\">\n<div class=\"gb-grid-column gb-grid-column-55364945\"><div class=\"gb-container gb-container-55364945 gbp-card\">\n\n<p><strong><strong>Por favor, reserve citas de vacunaci\u00f3n y revisiones para las familias existentes a trav\u00e9s de nuestra aplicaci\u00f3n pr\u00e1ctica.<\/strong><\/strong><\/p>\n\n\n\n<div class=\"wp-block-buttons is-layout-flex wp-block-buttons-is-layout-flex\">\n<div class=\"wp-block-button is-style-fill\"><a class=\"wp-block-button__link wp-element-button\" href=\"https:\/\/praxisapp.monks-aerzte-im-netz.de\/download\/download_app_kin\"><span style=\"text-decoration: underline;\">Descargar la aplicaci\u00f3n de pr\u00e1cticas<\/span><\/a><\/div>\n<\/div>\n\n<\/div><\/div>\n\n<div class=\"gb-grid-column gb-grid-column-6ba37a63\"><div class=\"gb-container gb-container-6ba37a63 gbp-card\">\n\n<p><strong>Presentaci\u00f3n de agudos y nuevas familias: se ruega reservar cita por tel\u00e9fono.<\/strong><\/p>\n\n\n\n<div class=\"wp-block-buttons is-layout-flex wp-block-buttons-is-layout-flex\">\n<div class=\"wp-block-button\"><a class=\"wp-block-button__link wp-element-button\" href=\"tel:00493414804028\"><strong><span style=\"text-decoration: underline;\">Tel\u00e9fono: 0341-480 40 28<\/span><\/strong><\/a><\/div>\n<\/div>\n\n<\/div><\/div>\n\n<div class=\"gb-grid-column gb-grid-column-8d68606a\"><div class=\"gb-container gb-container-8d68606a gbp-card\">\n\n<figure class=\"gb-block-image gb-block-image-4b362d2b\"><img decoding=\"async\" class=\"gb-image gb-image-4b362d2b\" src=\"https:\/\/kinderarzt-westbad.de\/wp-content\/uploads\/logo-kinderarzt-westbad.svg\"\/><\/figure>\n\n\n\n<p class=\"gb-headline gb-headline-12d67ede gb-headline-text no-hyphens\">Constance O\u00dfwald y Katrin Drechsler<\/p>\n\n\n\n<p class=\"gb-headline gb-headline-0239ceeb gb-headline-text no-hyphens\">Especialistas en pediatr\u00eda y medicina de la adolescencia<\/p>\n\n<\/div><\/div>\n\n<div class=\"gb-grid-column gb-grid-column-7ed4bae0\"><div class=\"gb-container gb-container-7ed4bae0 gbp-card\">\n\n<div class=\"wp-block-columns is-layout-flex wp-container-core-columns-is-layout-9d6595d7 wp-block-columns-is-layout-flex\">\n<div class=\"wp-block-column is-layout-flow wp-block-column-is-layout-flow\" style=\"flex-basis:66.66%\">\n<p><strong>CONSTANCE O\u00dfWALD &amp; KATRIN DRECHSLER<\/strong><\/p>\n\n\n\n<p class=\"has-small-font-size\"><strong>Especialistas en pediatr\u00eda y medicina de la adolescencia<\/strong><\/p>\n\n\n\n<p class=\"has-small-font-size\"><a href=\"https:\/\/maps.app.goo.gl\/2fbaZboxv8LnCoox8\"><strong>Calle Market 2-6<\/strong><br><strong>04177 Leipzig, Alt Lindenau<\/strong><\/a><\/p>\n\n\n\n<p class=\"has-small-font-size\"><strong>Tel\u00e9fono: <a href=\"tel:+493414804028\">0341-480 40 28<\/a><\/strong><br><strong>Fax: 0341-495 6812<\/strong><\/p>\n\n\n\n<p class=\"no-btm-margin has-small-font-size\"><strong>correo electr\u00f3nico: <a href=\"mailto:info@kinderarzt-westbad.de\">info@kinderarzt-westbad.de<\/a><\/strong><\/p>\n<\/div>\n\n\n\n<div class=\"wp-block-column is-layout-flow wp-block-column-is-layout-flow\" style=\"flex-basis:33.33%\">\n<p><strong><strong>Horario de oficina<\/strong><\/strong><\/p>\n\n\n\n<p class=\"has-small-font-size\"><strong>diario:<br>8.00 h - 12.00 h<\/strong><\/p>\n\n\n\n<p class=\"has-small-font-size\"><strong>Lunes\/jueves\/jueves:<br>14.00 - 17.00 h<\/strong><\/p>\n<\/div>\n<\/div>\n\n<\/div><\/div>\n<\/div>\n<\/div>\n<\/div>\n\n<div class=\"gb-container gb-container-8e8b65e4 gbp-section\">\n<div class=\"gb-container gb-container-9eebc809 gbp-section__inner gbp-card\">\n\n<h2 class=\"gb-headline gb-headline-7200ac4f gb-headline-text gbp-section__headline\">C\u00f3mo llegar y planificador de rutas<\/h2>\n\n\n\n<p class=\"has-text-align-center\" style=\"font-style:normal;font-weight:700\">Parada Lindenauer Markt (tranv\u00eda 15 - tranv\u00eda 7 - tranv\u00eda 8 y autob\u00fas 130 - autob\u00fas 74 - autob\u00fas 131)<\/p>\n\n\n\n<div class=\"wp-block-buttons is-content-justification-center is-layout-flex wp-container-core-buttons-is-layout-16018d1d wp-block-buttons-is-layout-flex\">\n<div class=\"wp-block-button\"><a class=\"wp-block-button__link wp-element-button\" href=\"https:\/\/www.l.de\/verkehrsbetriebe\/\" target=\"_blank\" rel=\"noreferrer noopener\"><span style=\"text-decoration: underline;\">Horario en l\u00ednea de LVB<\/span><\/a><\/div>\n<\/div>\n\n\n<div class=\"gb-container gb-container-d84843f3\">\n    <div class=\"exggmap-wrapper is-style-wide\" style=\"aspect-ratio:16 \/ 6\">\r\n      <div class=\"exggmap-mask\" style=\"background-color: #000000; color:#fff\">\r\n        <div class=\"exggmap-mask-content\">\r\n        <p class=\"exggmap-caption\">MAPA GDPR<\/p>\r\n            <button style=\"color: #fff; background-color: #693e91; border-color: #fff\"  id=\"exggmap-btn\">Cargar mapa *<\/button>\r\n        <\/div>\r\n              <\/div>\r\n      <iframe\r\n        data-src=\"https:\/\/www.google.com\/maps\/embed?pb=!1m18!1m12!1m3!1d2492.6124237661747!2d12.331328776838935!3d51.336648223162676!2m3!1f0!2f0!3f0!3m2!1i1024!2i768!4f13.1!3m3!1m2!1s0x47a6f7a2fb3dc2ff%3A0x38bfab6f22115139!2sKinderarztpraxis%20im%20Westbad%2C%20Constance%20O%C3%9Fwald%20und%20Katrin%20Drechsler!5e0!3m2!1sde!2sde!4v1721894364563!5m2!1sde!2sde\"\r\n        frameborder=\"0\"\r\n        allowfullscreen=\"\"\r\n        aria-hidden=\"false\"\r\n        tabindex=\"0\">\r\n      <\/iframe>\r\n    <\/div>\r\n    <p class=\"exampp-hints\">\r\n    * Al cargar el mapa aceptas la pol\u00edtica de privacidad de Google.      <a\r\n        target=\"_blank\"\r\n        rel=\"noopener noreferrer\"\r\n        href=\"https:\/\/policies.google.com\/privacy?hl=en\">M\u00e1s informaci\u00f3n<\/a>\r\n    <\/p>\r\n\t\n\n<\/div>\n<\/div>\n<\/div>","protected":false},"excerpt":{"rendered":"<p>C\u00f3mo llegar y planificar la ruta Parada Lindenauer Markt (tranv\u00eda 15 - tranv\u00eda 7 - tranv\u00eda 8 y autob\u00fas 130 - autob\u00fas 74 - autob\u00fas 131)<\/p>","protected":false},"author":1,"featured_media":1503,"parent":0,"menu_order":70,"comment_status":"closed","ping_status":"closed","template":"","meta":{"_acf_changed":false,"_seopress_robots_primary_cat":"","_seopress_titles_title":"","_seopress_titles_desc":"","_seopress_robots_index":"","inline_featured_image":false,"footnotes":""},"class_list":["post-614","page","type-page","status-publish","has-post-thumbnail"],"acf":[],"_links":{"self":[{"href":"https:\/\/kinderarzt-westbad.de\/es\/wp-json\/wp\/v2\/pages\/614","targetHints":{"allow":["GET"]}}],"collection":[{"href":"https:\/\/kinderarzt-westbad.de\/es\/wp-json\/wp\/v2\/pages"}],"about":[{"href":"https:\/\/kinderarzt-westbad.de\/es\/wp-json\/wp\/v2\/types\/page"}],"author":[{"embeddable":true,"href":"https:\/\/kinderarzt-westbad.de\/es\/wp-json\/wp\/v2\/users\/1"}],"replies":[{"embeddable":true,"href":"https:\/\/kinderarzt-westbad.de\/es\/wp-json\/wp\/v2\/comments?post=614"}],"version-history":[{"count":8,"href":"https:\/\/kinderarzt-westbad.de\/es\/wp-json\/wp\/v2\/pages\/614\/revisions"}],"predecessor-version":[{"id":4463,"href":"https:\/\/kinderarzt-westbad.de\/es\/wp-json\/wp\/v2\/pages\/614\/revisions\/4463"}],"wp:featuredmedia":[{"embeddable":true,"href":"https:\/\/kinderarzt-westbad.de\/es\/wp-json\/wp\/v2\/media\/1503"}],"wp:attachment":[{"href":"https:\/\/kinderarzt-westbad.de\/es\/wp-json\/wp\/v2\/media?parent=614"}],"curies":[{"name":"wp","href":"https:\/\/api.w.org\/{rel}","templated":true}]}}

<div class="gb-container gb-container-4e174759 gbp-section">
<div class="gb-container gb-container-cb0496a3 gbp-section__inner">
<div class="gb-grid-wrapper gb-grid-wrapper-f0224412">
<div class="gb-grid-column gb-grid-column-55364945"><div class="gb-container gb-container-55364945 gbp-card">

<p><strong><strong>Por favor, reserve citas de vacunación y revisiones para las familias existentes a través de nuestra aplicación práctica.</strong></strong></p>



<div class="wp-block-buttons is-layout-flex wp-block-buttons-is-layout-flex">
<div class="wp-block-button is-style-fill"><a class="wp-block-button__link wp-element-button" href="https://praxisapp.monks-aerzte-im-netz.de/download/download_app_kin"><span style="text-decoration: underline;">Descargar la aplicación de prácticas</span></a></div>
</div>

</div></div>

<div class="gb-grid-column gb-grid-column-6ba37a63"><div class="gb-container gb-container-6ba37a63 gbp-card">

<p><strong>Presentación de agudos y nuevas familias: se ruega reservar cita por teléfono.</strong></p>



<div class="wp-block-buttons is-layout-flex wp-block-buttons-is-layout-flex">
<div class="wp-block-button"><a class="wp-block-button__link wp-element-button" href="tel:00493414804028"><strong><span style="text-decoration: underline;">Teléfono: 0341-480 40 28</span></strong></a></div>
</div>

</div></div>

<div class="gb-grid-column gb-grid-column-8d68606a"><div class="gb-container gb-container-8d68606a gbp-card">

<figure class="gb-block-image gb-block-image-4b362d2b"><img decoding="async" class="gb-image gb-image-4b362d2b" src="https://kinderarzt-westbad.de/wp-content/uploads/logo-kinderarzt-westbad.svg"/></figure>



<p class="gb-headline gb-headline-12d67ede gb-headline-text no-hyphens">Constance Oßwald y Katrin Drechsler</p>



<p class="gb-headline gb-headline-0239ceeb gb-headline-text no-hyphens">Especialistas en pediatría y medicina de la adolescencia</p>

</div></div>

<div class="gb-grid-column gb-grid-column-7ed4bae0"><div class="gb-container gb-container-7ed4bae0 gbp-card">

<div class="wp-block-columns is-layout-flex wp-container-core-columns-is-layout-9d6595d7 wp-block-columns-is-layout-flex">
<div class="wp-block-column is-layout-flow wp-block-column-is-layout-flow" style="flex-basis:66.66%">
<p><strong>CONSTANCE OßWALD &amp; KATRIN DRECHSLER</strong></p>



<p class="has-small-font-size"><strong>Especialistas en pediatría y medicina de la adolescencia</strong></p>



<p class="has-small-font-size"><a href="https://maps.app.goo.gl/2fbaZboxv8LnCoox8"><strong>Calle Market 2-6</strong><br><strong>04177 Leipzig, Alt Lindenau</strong></a></p>



<p class="has-small-font-size"><strong>Teléfono: <a href="tel:+493414804028">0341-480 40 28</a></strong><br><strong>Fax: 0341-495 6812</strong></p>



<p class="no-btm-margin has-small-font-size"><strong>correo electrónico: <a href="mailto:info@kinderarzt-westbad.de">info@kinderarzt-westbad.de</a></strong></p>
</div>



<div class="wp-block-column is-layout-flow wp-block-column-is-layout-flow" style="flex-basis:33.33%">
<p><strong><strong>Horario de oficina</strong></strong></p>



<p class="has-small-font-size"><strong>diario:<br>8.00 h - 12.00 h</strong></p>



<p class="has-small-font-size"><strong>Lunes/jueves/jueves:<br>14.00 - 17.00 h</strong></p>
</div>
</div>

</div></div>
</div>
</div>
</div>

<div class="gb-container gb-container-8e8b65e4 gbp-section">
<div class="gb-container gb-container-9eebc809 gbp-section__inner gbp-card">

<h2 class="gb-headline gb-headline-7200ac4f gb-headline-text gbp-section__headline">Cómo llegar y planificador de rutas</h2>



<p class="has-text-align-center" style="font-style:normal;font-weight:700">Parada Lindenauer Markt (tranvía 15 - tranvía 7 - tranvía 8 y autobús 130 - autobús 74 - autobús 131)</p>



<div class="wp-block-buttons is-content-justification-center is-layout-flex wp-container-core-buttons-is-layout-16018d1d wp-block-buttons-is-layout-flex">
<div class="wp-block-button"><a class="wp-block-button__link wp-element-button" href="https://www.l.de/verkehrsbetriebe/" target="_blank" rel="noreferrer noopener"><span style="text-decoration: underline;">Horario en línea de LVB</span></a></div>
</div>


<div class="gb-container gb-container-d84843f3">
    <div class="exggmap-wrapper is-style-wide" style="aspect-ratio:16 / 6">
      <div class="exggmap-mask" style="background-color: #000000; color:#fff">
        <div class="exggmap-mask-content">
        <p class="exggmap-caption">MAPA GDPR</p>
            <button style="color: #fff; background-color: #693e91; border-color: #fff"  id="exggmap-btn">Cargar mapa *</button>
        </div>
              </div>
      <iframe
        data-src="https://www.google.com/maps/embed?pb=!1m18!1m12!1m3!1d2492.6124237661747!2d12.331328776838935!3d51.336648223162676!2m3!1f0!2f0!3f0!3m2!1i1024!2i768!4f13.1!3m3!1m2!1s0x47a6f7a2fb3dc2ff%3A0x38bfab6f22115139!2sKinderarztpraxis%20im%20Westbad%2C%20Constance%20O%C3%9Fwald%20und%20Katrin%20Drechsler!5e0!3m2!1sde!2sde!4v1721894364563!5m2!1sde!2sde"
        frameborder="0"
        allowfullscreen=""
        aria-hidden="false"
        tabindex="0">
      </iframe>
    </div>
    <p class="exampp-hints">
    * Al cargar el mapa aceptas la política de privacidad de Google.      <a
        target="_blank"
        rel="noopener noreferrer"
        href="https://policies.google.com/privacy?hl=en">Más información</a>
    </p>
	

</div>
</div>
</div>

<p>Cómo llegar y planificar la ruta Parada Lindenauer Markt (tranvía 15 - tranvía 7 - tranvía 8 y autobús 130 - autobús 74 - autobús 131)</p>
